at is the remainder when 105 is divided by 4 + 1 - 7/14*-98?
51
Suppose -68 = 3*m - c, 64 = -4*m - 2*c - 2*c. Let s = 22 + m. What is the remainder when 5 is divided by (0 - 1)*s + 5?
1
Suppose 33 = 5*z - 52. Suppose -2*g = -4*g + 70. Suppose -2*r + g + z = 0. Calculate the remainder when 75 is divided by r.
23
Let o(u) = u**2 + 2*u - 147. Calculate the remainder when o(12) is divided by (3/4)/((-2)/(-16)).
3
Let d be 2/4 - (-57)/(-6). Suppose -10*c - 978 = -1008. Calculate the remainder when (-2)/(2/d) + -2 is divided by c.
1
Let s(i) = i - 5. Let g be s(7). Let d be ((-29)/(-2))/(1/g). Suppose 0 = -5*m, -2*k + d = -5*m + 1. What is the remainder when 40 is divided by k?
12
Let q(d) = -d**2 - 8*d + 5. Suppose -4*c = 2*h + 76, c = -3*c + 20. What is the remainder when q(-5) is divided by (h/60)/((-1)/10)?
4
Suppose -33 = -85*b + 902. What is the remainder when 75 is divided by b?
9
Let m = -441 - -685. Calculate the remainder when m is divided by 35.
34
Let h = -139 + 148. Calculate the remainder when h is divided by 7.
2
Let d(m) = m**3 - 5*m**2 + 2*m - 3. What is the remainder when 32/1 + 174/(-29) is divided by d(5)?
5
Let d(r) = r**3 - 25*r**2 + 45*r - 57. Let x be d(23). Suppose -63 = y - 178. Let v = y + x. What is the remainder when v is divided by 18?
17
Suppose 0 = v - h - 307 + 8, 0 = -3*h - 9. Calculate the remainder when v is divided by 97.
5
Let g(p) = -p**2 - 11*p - 3. Let j be g(-11). Calculate the remainder when (j/9)/(1/(-69)) is divided by 5.
3
Let j be (1 - 4/2) + 4. Suppose -3*k = -j*c + 4*c - 10, -3*c = k + 2. Suppose -k*f + 97 = 41. Calculate the remainder when 54 is divided by f.
12
Suppose -13*r + 202 = -11*r. What is the remainder when r is divided by 17?
16
Let w = -13 - -39. Let l(r) = -r - 7. Let h(o) = 2*o + 9. Let f(i) = -2*h(i) - 3*l(i). Calculate the remainder when w is divided by f(-7).
6
Suppose -6 = -x - 14. Let s(q) = -2*q - 11. What is the remainder when 7 is divided by s(x)?
2
Let t(p) = 22*p - 262. Calculate the remainder when t(13) is divided by 8.
0
Suppose -f = 5*k + 79, -3*k + k - f - 34 = 0. Let u(a) = 12*a - 8. Let q be u(4). Let n = k + q. What is the remainder when n is divided by 9?
7
Let q(n) = -n**3 - 5*n**2 + 2*n - 2. Let m = 538 - 497. Calculate the remainder when m is divided by q(-6).
19
Suppose -2*b - 43 = -431. Suppose 2*x - 120 = 26. Calculate the remainder when x is divided by (-6)/15 + b/10.
16
Suppose -54*j - 62 = -5*h - 58*j, -5*j - 15 = -3*h. Let i(f) = -14*f. What is the remainder when i(-1) is divided by h?
4
Suppose -3*h + 43 + 227 = 0. Calculate the remainder when h is divided by 46.
44
Suppose 0 = 5*v + 2*h - 3*h - 447, 2*v - 182 = 2*h. Suppose 5*y - v + 479 = 5*a, -5*y + 210 = 3*a. What is the remainder when a is divided by 39?
36
Let l(q) = -q**2 - 10*q - 6. Let m(j) = j**3 + 4*j**2 + 2*j + 4. Let z be m(-3). Suppose -29 = -8*h + z*h. Calculate the remainder when h is divided by l(-8).
9
Suppose 4*q - 2*z = 28, 7*q - 8*q + 2 = -3*z. Calculate the remainder when 798 is divided by q.
6
Let y = 8 + 2. Calculate the remainder when (-10)/14 + 1 - (-72336)/1918 is divided by y.
8
Let u(z) = 3*z + 22. Suppose 37 = -5*m + 7. Calculate the remainder when 6 is divided by u(m).
2
Suppose 5*v - 10 = 5*a, 0*v - 2*v + 4 = 5*a. Suppose a = 4*z + z - 195. Let c = -202 - -222. What is the remainder when z is divided by c?
19
What is the remainder when 2496 is divided by (14/(-5))/((-16)/680)?
116
Let k = -63 + 66. Suppose -3*w - 130 = -4*d - 2, -k*d + 2*w + 97 = 0. What is the remainder when d is divided by 9?
8
Suppose 2*r + 2*d - 134 = 5*d, -4*r = 4*d - 288. What is the remainder when r is divided by 24?
22
Suppose 2*j = -5*m + 5, 6 - 4 = -2*m. Suppose j*z + 2*b - 3382 = 0, 0*b - b = 4*z - 2708. What is the remainder when 1/2 - z/(-12) is divided by 15?
12
Let m = -61 - -36. Let y(z) = -2*z**2 + 6. Let q be y(3). Let h = q - m. What is the remainder when h is divided by 7?
6
Suppose -3*s - 3 = -2*s + 4*x, 5*x + 1 = -4*s. Let a be (-30 - (s - 0)) + 0. Let q = a - -51. Calculate the remainder when 59 is divided by q.
19
Suppose -z = -2*b + 6, 4*b - 12 = z + 4*z. Let n(l) = 3*l**2 - 2*l - 4. What is the remainder when n(b) is divided by 11?
6
Suppose -2*h = -5*h - 15, 4*z = -h - 157. Let l = 15 + z. Let u = -11 - l. Calculate the remainder when 34 is divided by u.
10
Let p(s) = 101*s**2 + s - 2. Let r be p(1). Suppose 4*c = -c + r. What is the remainder when c is divided by 7?
6
Let l = -104 - -110. What is the remainder when 65 is divided by l?
5
Let w(l) = -29*l**2 - 6*l + 8. Let d be w(4). Let f be 1*-2 - d/20. Suppose -n + f = -0*n. Calculate the remainder when n is divided by 5.
2
Let t = 124 + -97. What is the remainder when 861 is divided by t?
24
Let p(i) = i**2 - i - 5. What is the remainder when 14 is divided by p(-3)?
0
Let a(r) = -r**2 + 6*r + 9. Let i be a(7). Suppose -6 = -4*z + i*z. Calculate the remainder when 7 is divided by 52/10 + z/(-15).
2
Let x be (-16)/(-10) - 36/60. Let p = x - -15. Suppose -p - 5 = -3*j. Calculate the remainder when 26 is divided by j.
5
Suppose 3*g - 6*g - 19 = -4*n, 0 = n - 4. Calculate the remainder when 17 is divided by (3 + 4)/((-2 - g)/(-1)).
3
Suppose -255 - 600 = -15*q. Calculate the remainder when q is divided by 20.
17
Suppose 2*q - 116 = -14. Let n(g) = 3*g - 45 - 9*g - 3. Calculate the remainder when q is divided by n(-11).
15
Let n(f) = 2*f. Let c be n(1). Suppose -3*r - 5*j = -j - 1, 2*j - 18 = 2*r. What is the remainder when (r/(-2) - c)*54 is divided by 14?
13
Suppose p = 40 + 15. Let t(o) = -3*o - 4. Let n = 14 - 20. What is the remainder when p is divided by t(n)?
13
Suppose -2*u + 5*h = 150, u - 2*h = -3*u - 316. Let y = u + 93. What is the remainder when y is divided by 7?
6
Let f = -1797 + 2107. Calculate the remainder when f is divided by 78.
76
Let x(q) = 2*q**2 - 30*q - 17. Calculate the remainder when x(18) is divided by 23.
22
Let o(a) = -2*a**3 + 41*a**2 - 23*a - 73. Calculate the remainder when o(19) is divided by 9.
6
Let a be 9/(-24) + (-63)/24. Let t(d) = -2*d - 3. Calculate the remainder when 4 is divided by t(a).
1
Let q = -64 + 66. Suppose -2*l + 6*i + 68 = q*i, -l + 5*i = -19. What is the remainder when 129 is divided by l?
41
Let o = -17 - -31. Suppose 3*j + 134 = 5*j. Calculate the remainder when j is divided by o.
11
Suppose -5*v - 2*o - o = -81, 3*v = 3*o + 39. Calculate the remainder when v is divided by 6.
3
Let r(s) = 14*s + 14. Calculate the remainder when r(2) is divided by 11.
9
Suppose 3*n = -4*f + 188, -f - 230 = -4*n + 4*f. Suppose -2*r + n = -4*r. Let x = -16 - r. Calculate the remainder when 40 is divided by x.
12
Let s be (0/((-3)/(-1)))/(-1). Let h(o) = -o**3 + o**2 + 18. Suppose -1 + 71 = 2*z. Calculate the remainder when z is divided by h(s).
17
Let z = 211 - 514. Let b = -101 - z. Calculate the remainder when b is divided by 41.
38
Let p(f) = 3*f + 17. Let i be p(-4). What is the remainder when 8 is divided by 23/i - 4/(-10)?
3
Suppose 12*r + 414 = 3*r. Let f = -37 - r. What is the remainder when 51 is divided by f?
6
Let h(p) = 4*p**3 - 11*p**2 + 9*p - 18. What is the remainder when 398 is divided by h(4)?
6
What is the remainder when (920/180)/(5/495) is divided by 33?
11
Suppose 2*l - 319 - 477 = 0. Suppose 8*p = l + 234. Calculate the remainder when p is divided by 27.
25
Let t(d) = -d**2 + 37*d - 217. Suppose -2*p = -0*p - 16. Calculate the remainder when t(8) is divided by p.
7
Suppose -4*x - 3*z + 104 = -82, 2*z = 4*x - 196. Calculate the remainder when 332 is divided by x.
44
Let x be ((-86)/(-3))/((-6)/(-45)). Suppose 2*y - 442 = -4*r, 2*r + y = 2*y + x. Calculate the remainder when r is divided by 37.
35
Let a(z) be the first derivative of z**3/3 - 5*z**2/2 - 7*z - 22. What is the remainder when 2*2/(-8)*-22 is divided by a(7)?
4
Let q(u) = 2*u**3 + 15*u**2 - 11*u + 11. What is the remainder when q(-8) is divided by 22?
13
Let v(m) = -2*m**3 + 2*m**2 + 2*m - 1. Let w be v(2). Calculate the remainder when 62 is divided by ((-33)/2)/(w - (-17)/4).
18
Let u = -1068 - -1106. Calculate the remainder when 74 is divided by u.
36
Calculate the remainder when 204 is divided by 41*8*(-10)/(-80).
40
Let n be (2/5)/(10/50). Suppose -4*k - 40 = -6*k - n*w, -2*k - w + 39 = 0. Calculate the remaind